2 a factor of 1863986982?
True
Is 20510847 a multiple of 9?
True
Is 604010297 a multiple of 22?
False
Is 88170870 a multiple of 5?
True
Does 581 divide 779756413?
False
Is 10 a factor of 225953660?
True
Is 60976366 a multiple of 362?
True
Does 45 divide 33362100?
True
Does 3463 divide 846080870?
False
Is 33213237 a multiple of 8?
False
Does 58 divide 139688859?
False
Is 338 a factor of 167253216?
True
Does 53 divide 52877729?
True
Does 16 divide 97365056?
True
Is 234 a factor of 5772938751?
False
Does 794 divide 39463920?
False
Does 5730 divide 1768171064?
False
Does 5 divide 356651340?
True
Does 12 divide 51334644?
True
Does 612 divide 1278188?
False
Is 1617782652 a multiple of 12?
True
Is 676 a factor of 1185876395?
False
Is 3063 a factor of 205245597?
False
Is 9 a factor of 28432090?
False
Does 3074 divide 371906065?
False
Does 56 divide 93026806?
False
Is 8703641 a multiple of 4?
False
Is 12553092 a multiple of 1413?
True
Is 2557850 a multiple of 50?
True
Is 366 a factor of 16951290?
True
Is 46 a factor of 650089438?
False
Does 218 divide 62750428?
True
Is 343 a factor of 2387651?
False
Is 38065191 a multiple of 43?
True
Is 97 a factor of 78626357?
True
Does 31 divide 9396225?
False
Is 747727592 a multiple of 11?
False
Is 520642730 a multiple of 22?
False
Is 199269180 a multiple of 180?
True
Is 389 a factor of 142804234?
True
Does 2731 divide 378756928?
True
Does 13 divide 18077?
False
Is 476165174 a multiple of 37?
False
Does 6893 divide 3544583335?
False
Does 1754 divide 2363432562?
True
Does 40 divide 808696636?
False
Does 12 divide 121375465?
False
Is 353328830 a multiple of 4992?
False
Is 4137894 a multiple of 18?
True
Does 11 divide 389669060?
True
Does 2033 divide 123222163?
True
Is 79 a factor of 13902657?
True
Is 587192492 a multiple of 361?
True
Is 15882285 a multiple of 57?
False
Is 30187005 a multiple of 1001?
False
Does 7 divide 33458517?
False
Is 44 a factor of 13346080?
True
Is 287413363 a multiple of 50?
False
Is 29 a factor of 421757393?
False
Does 162 divide 77436324?
True
Does 3813 divide 353607027?
False
Is 27144705 a multiple of 129?
False
Is 49796472 a multiple of 22?
True
Is 10 a factor of 151995708?
False
Does 953 divide 85780483?
True
Is 825926020 a multiple of 382?
True
Is 241704344 a multiple of 7?
True
Is 205749682 a multiple of 17?
False
Is 162 a factor of 1025940178?
False
Does 629 divide 674018229?
False
Is 14 a factor of 125081096?
True
Is 2653254600 a multiple of 204?
True
Is 462 a factor of 10103016?
True
Does 185 divide 916638085?
False
Does 663 divide 47679891?
False
Is 15 a factor of 107308850?
False
Does 55 divide 148188163?
False
Is 2047 a factor of 1595837106?
True
Is 1497306249 a multiple of 4?
False
Does 411 divide 16468698?
False
Does 9 divide 52458939?
True
Is 3959607664 a multiple of 16?
True
Does 19 divide 104856602?
False
Does 81 divide 11350366?
False
Is 21425898 a multiple of 26?
True
Is 28087820 a multiple of 144?
False
Is 647 a factor of 47183122?
True
Does 5 divide 2736315?
True
Does 5 divide 5310445?
True
Is 123 a factor of 1213168299?
False
Does 31 divide 21008454?
False
Is 5180525424 a multiple of 422?
False
Is 71 a factor of 467977046?
True
Is 68739305 a multiple of 12?
False
Does 31 divide 27567844?
False
Is 32 a factor of 3259894976?
True
Is 110 a factor of 1602002490?
True
Is 422895704 a multiple of 14?
True
Is 8461277 a multiple of 153?
False
Does 348 divide 42873600?
True
Does 34 divide 25063127?
False
Is 377688146 a multiple of 2114?
False
Is 347543270 a multiple of 10?
True
Does 17 divide 939702253?
False
Is 1562 a factor of 4457642030?
False
Is 576606712 a multiple of 4?
True
Is 10 a factor of 35138260?
True
Does 613 divide 26573381?
False
Is 118 a factor of 66435652?
True
Is 801299787 a multiple of 19?
True
Does 195 divide 3563430?
True
Is 381 a factor of 15040155?
False
Is 547795 a multiple of 89?
True
Is 33 a factor of 31186386?
True
Is 44 a factor of 1013012?
True
Is 53792638 a multiple of 29?
False
Is 55464808 a multiple of 7?
True
Is 271 a factor of 117936975?
False
Does 172 divide 47102645?
False
Does 35 divide 203545020?
True
Is 1548 a factor of 28955340?
True
Is 464331262 a multiple of 124?
False
Is 215086379 a multiple of 22?
False
Is 43 a factor of 642274703?
True
Is 25561008 a multiple of 12?
True
Is 13 a factor of 78513344?
True
Is 536 a factor of 37420840?
True
Is 361304397 a multiple of 616?
False
Does 8 divide 3984850714?
False
Is 171711668 a multiple of 1067?
False
Does 25 divide 32163343?
False
Does 132 divide 337636?
False
Does 1503 divide 118209174?
False
Does 44 divide 11731508?
False
Is 118663738 a multiple of 20?
False
Is 20 a factor of 750085480?
True
Is 30766251 a multiple of 16?
False
Does 5 divide 911252840?
True
Is 127503258 a multiple of 1546?
True
Is 772894312 a multiple of 5092?
True
Is 75 a factor of 13292775?
True
Is 299426699 a multiple of 13?
True
Does 300 divide 27987631?
False
Is 38 a factor of 174557109?
False
Is 179870796 a multiple of 126?
True
Does 13 divide 2653500414?
False
Is 81972131 a multiple of 32?
False
Is 309321026 a multiple of 1897?
True
Does 2130 divide 13499940?
True
Is 144 a factor of 23531904?
True
Is 21051466 a multiple of 12?
False
Is 1224 a factor of 551616170?
False
Is 7002 a factor of 5806611052?
False
Is 10826145 a multiple of 742?
False
Is 30261600 a multiple of 72?
True
Does 190 divide 752123360?
True
Does 324 divide 94457340?
True
Is 37 a factor of 906826636?
True
Does 41 divide 199308607?
False
Is 7 a factor of 17607830?
False
Does 6 divide 15554026?
False
Is 114 a factor of 44477328?
True
Is 7 a factor of 103082266?
True
Does 9 divide 7512372?
True
Is 1331 a factor of 573510648?
False
Does 25 divide 129826050?
True
Is 84512249 a multiple of 196?
False
Does 13 divide 3136835?
True
Is 18 a factor of 154679039?
False
Does 873 divide 16313751?
True
Does 80 divide 303092748?
False
Is 80465649 a multiple of 4744?
False
Is 5495 a factor of 1628782975?
False
Is 33 a factor of 10800660?
False
Is 188835948 a multiple of 12?
True
Is 456842792 a multiple of 28?
True
Is 75036 a multiple of 355?
False
Is 19 a factor of 8064491?
False
Is 1532352 a multiple of 48?
True
Is 291 a factor of 5041420770?
True
Is 4035443 a multiple of 27?
False
Does 354 divide 1274064054?
True
Is 4 a factor of 48001536?
True
Does 47 divide 17342578?
False
Does 77 divide 21506947?
True
Is 14 a factor of 250798548?
True
Is 15446184 a multiple of 39?
True
Is 317160966 a multiple of 1987?
True
Does 14 divide 388295278?
True
Is 11 a factor of 442192113?
True
Is 68 a factor of 28159136?
False
Is 394 a factor of 1608686634?
True
Does 39 divide 729161829?
False
Does 31 divide 4956147136?
False
Is 29 a factor of 52988336?
True
Does 15 divide 875252620?
False
Is 1672 a factor of 234471248?
True
Is 3 a factor of 13111716?
True
Does 272 divide 86388512?
False
Does 1775 divide 4241339400?
False
Does 2 divide 51070601?
False
Is 1279417410 a multiple of 7?
False
Does 1859 divide 264375826?
True
Does 4901 divide 566472283?
True
Is 1366674032 a multiple of 14?
False
Is 46424390 a multiple of 23?
False
Is 919558582 a multiple of 623?
False
Does 1510 divide 27897250?
True
Is 4146408 a multiple of 56?
True
Does 43 divide 16647794?
True
Is 303498873 a multiple of 1898?
False
Does 283 divide 17605713?
True
Is 286 a factor of 58771284?
True
Does 596 divide 715591723?
False
Is 84820 a multiple of 3?
False
Does 5356 divide 1583185396?
True
Does 1060 divide 1041323184?
False
Is 554709656 a multiple of 98?
False
Is 1893244990 a multiple of 81?
False
Is 778 a factor of 130523999?
False
Does 81 divide 573753537?
True
Is 770068798 a multiple of 74?
False
Does 1248 divide 510886343?
False
Is 106 a factor of 167066605?
False
Does 6454 divide 337982113?
False
Is 2487105 a multiple of 115?
True
Is 75 a factor of 1747800?
True
Is 780 a factor of 2277600?
True
Does 8 divide 62453352?
True
Is 381178564 a multiple of 26?
True
Does 111 divide 26859780?
True
Is 7724462 a multiple of 44?
False
Does 881 divide 286468724?
False
Does 33 divide 1083448938?
True
Is 14 a factor of 722944978?
True
Is 1871413227 a multiple of 4617?
True
Is 6230 a factor of 315593110?
True
Is 169 a factor of 53606713?
False
Is 188767101 a multiple of 3?
True
Is 13 a factor of 251621883?
False
Is 999731658 a mu